pose j*f - 6*f + 26 = 0. What is the units digit of f?
6
Let j(k) be the third derivative of 0*k - 1/3*k**3 + 0 - 3*k**2 + 1/6*k**4. What is the units digit of j(11)?
2
Suppose j - 35 = 5*n, 0 = 2*n - 4*n - 10. Suppose j = -3*y + 8*y. What is the units digit of (-247)/(-65) + y/10?
4
Suppose -4*k - k - 3*r = 0, -11 = 2*k - r. Let d = 1 - k. Suppose 5*m = -3*c + d*c + 198, -m = -c - 42. What is the tens digit of m?
3
What is the hundreds digit of (102/5)/(81/1890)?
4
Suppose -3*r + 505 + 581 = 0. What is the units digit of r?
2
Let g(o) = -o**2 - 22*o - 6. Let n be 3 + (-46 + 2)/2. What is the tens digit of g(n)?
5
Suppose -8*q + 17390 - 4894 = 0. What is the hundreds digit of q?
5
Let d(n) = -2*n. Let z be d(0). Suppose z*v = 4*v - 20, 3*s = 4*v - 14. What is the units digit of s?
2
Let s(t) = 437*t + 664. What is the units digit of s(5)?
9
Let g(y) be the second derivative of 4*y**4 + y**3 - 3*y**2 - 48*y. What is the units digit of g(1)?
8
Suppose -5*k = -37 + 12, -4*a = k - 1529. What is the tens digit of a?
8
Suppose 50*x = 51*x - 2209. What is the hundreds digit of x?
2
Let t(c) = -110*c - 77. What is the hundreds digit of t(-9)?
9
Suppose -3*h = 4*n - 163 - 415, 2*h - n = 389. What is the tens digit of h?
9
Let r(x) = 66*x**2 + 18*x + 3. What is the hundreds digit of r(5)?
7
Let s be (-651)/(-4) - (-6)/24. Suppose 3*k - s - 31 = -4*t, t = 4*k - 246. What is the tens digit of k?
6
Let h = 219 - -472. What is the units digit of h?
1
Let q(a) = -12*a + 54. What is the units digit of q(-5)?
4
Let g = 2185 + -1198. What is the units digit of 4/(-5) - g/(-15)?
5
Let y be (-12)/90 - 154/(-30). Suppose -3*j + 2*o + 213 = 0, 0 = y*j - 0*o - 2*o - 351. What is the tens digit of j?
6
Let d = 222 + -27. What is the tens digit of d?
9
Suppose 2*u + 4*o = 3*o + 2, -2*u - 3*o + 6 = 0. Suppose 4*v - 36 - 32 = u. What is the units digit of v?
7
Let p(u) = 18*u - 7. Let v(z) = -73*z + 27. Let m(h) = -9*p(h) - 2*v(h). What is the hundreds digit of m(-7)?
1
Let n(k) = 3*k + 1. Let l be n(1). Let i = 1 - -1. Suppose l*s - 36 = i*s. What is the units digit of s?
8
Let y be 6/9 + (-22)/(-3). Suppose y*s = -4 + 12. What is the units digit of s?
1
Let t(y) = 22*y**2 - y - 3. Let v(k) = 23*k**2 - k - 4. Let j(c) = -5*t(c) + 4*v(c). Let r be j(1). What is the tens digit of 6/(-9)*3 - r?
1
Let t = 3517 + -1873. What is the units digit of t?
4
Let m be 24 - 1 - 48/16. What is the hundreds digit of 108 + 2 + 5/(m/8)?
1
Suppose 4*p - 572 = 4*h, -5*p + 5*h = h - 713. What is the tens digit of p?
4
Let j = 398 + -345. What is the tens digit of j?
5
Suppose -1481 = -c + 2*x, 5*c + 2954 = 7*c - 2*x. What is the hundreds digit of c?
4
Let q be ((-20)/3)/((-16)/48). Let g be 24/q*20/6. Suppose g*w - 168 = -3*k, -4*w - w - k + 210 = 0. What is the tens digit of w?
4
Let g = 465 + 873. What is the tens digit of g?
3
Let b(t) = t**3 - 15*t**2 + 20*t + 8. Let w be b(14). What is the tens digit of (w/1 + 3)/1?
9
Suppose -3*b + 3 = 2*x + 1, -2*b = 2*x. Suppose -4*w + b*i + 50 = 0, -4*i = 5*w - i - 35. What is the tens digit of w?
1
Let w be (-152)/(-36) + -2 - (-2)/(-9). Suppose -r = -4*a + 908, 3*r + w*r = a - 208. What is the hundreds digit of a?
2
Let j(g) = -5*g**3 - 8*g**2 + 8*g + 29. What is the thousands digit of j(-9)?
2
Let t(u) = 2*u**2 + 9*u - 2. Let q = 9 + -16. Let k be t(q). Suppose -5*r + k = -12. What is the units digit of r?
9
Let c(q) = q**2 - 27*q - 29. What is the tens digit of c(-22)?
4
Let c(z) = 2*z**3 - 4 - z**2 + 13 + 3*z - z**3 - 1. What is the units digit of c(0)?
8
Suppose -36 = -z - 3*z. Let p be ((-3)/(-2))/(z/108). What is the units digit of 3 + -5 - (0 - p)?
6
Suppose -71*s + 1152 = -67*s. What is the tens digit of s?
8
Let u(i) = i**3 + 7*i**2 - 4*i - 3. What is the tens digit of u(-5)?
6
Suppose 3*t + 5*h = 2854, -2*t - 264 = -5*h - 2200. What is the hundreds digit of t?
9
What is the thousands digit of 146612/76 + 16/(-152)?
1
Let u(w) = -w + 5. Let z be u(-5). Let g = z + -10. Suppose -3*j = -g*j - 69. What is the units digit of j?
3
Let w(a) = 6*a**3 + 13*a**2 + 7*a - 5. Let t(p) = -7*p**3 - 14*p**2 - 8*p + 4. Let o(f) = -5*t(f) - 6*w(f). Let l = 24 + -32. What is the tens digit of o(l)?
2
Let p be -3*2*2/2. What is the units digit of (7 - (-3)/6)/(p/(-16))?
0
Let k(x) = -5*x - 17. Let t be k(-7). Suppose -17*q - 129 = -t*q. What is the hundreds digit of q?
1
Let h be 3/(-15) + (-1488)/(-15). Let u = h - 49. What is the tens digit of u?
5
Let q(j) = 5*j**2 - 14*j + 78. What is the units digit of q(12)?
0
Let v(i) be the first derivative of -3*i**2/2 - 12*i - 8. What is the tens digit of v(-17)?
3
Suppose 0 = f + 145 - 1641. What is the hundreds digit of f?
4
Let r = 42 - -153. What is the tens digit of r?
9
Suppose -15*u = 58 + 632. Let x = u + 163. What is the tens digit of x?
1
Let v(w) = 2*w**2 - w + 19. Let j be v(10). Let s = 311 - j. What is the hundreds digit of s?
1
Suppose 0 = -5*z + 2*z + 9. Let d(m) = -m**2 + 3*m + 3. What is the units digit of d(z)?
3
Let m(x) = -16*x**2 + 15*x**2 + x - 9*x - 6*x + 5. Let s be m(-14). Suppose -42 = 3*q - s*q. What is the tens digit of q?
2
Let o(d) = 2*d**2 + 32*d + 41. What is the hundreds digit of o(-20)?
2
Let w be (40/15)/((-4)/138). Let s = 226 + w. What is the hundreds digit of s?
1
Suppose -50*k = -21*k - 28652. What is the tens digit of k?
8
Let h = 199 - 194. Let y be 0 + 1*(2 - -254). Suppose -h*f = 4*u - y, 5*u - 2*f = u + 256. What is the units digit of u?
4
Let l = -666 + 1174. What is the tens digit of l?
0
Let k = -431 - -729. What is the units digit of k?
8
Let y(o) = -5*o + 6*o + 0*o**2 + o**2 + 7 + 3*o. Let a be y(-4). What is the units digit of a + -1 + -2 + 4?
8
Suppose -5*i + 0*i + 25 = 0. Suppose 3*b = -i*q + 309, -4*q = -6*q - b + 124. What is the tens digit of q?
6
Let r(w) = -w**2 - 8*w - 4. Let z be r(-5). What is the tens digit of 2/11 + 119/z?
1
Suppose -2*a - 139 + 357 = 2*h, -a - 4*h + 103 = 0. What is the units digit of (a/6 - 6)/((-1)/(-20))?
0
Suppose h = 3*h - r - 1592, 0 = 2*h - 3*r - 1596. What is the units digit of h?
5
Suppose -8 = -b - 3. Suppose 5*f = b*u - 1485, 0*u + 4*u + 5*f = 1179. What is the tens digit of u?
9
Let g be ((-6)/(-5))/(18/270). What is the units digit of (27/g)/(3*(-2)/(-4))?
1
Let l(i) = i**3 + 3*i**2 - i - 2. Let f be l(-1). Let m be (-1)/((2/(-6))/f). Let h = m - -25. What is the tens digit of h?
2
Let a be -2*3/(-6) - -24. Suppose 0 = -4*k - 5*c + a - 1, 0 = k - 4*c - 27. What is the units digit of k?
1
Let d(g) = g + 26. Let c be d(-13). Let r be (-12 + c)/(1/32). What is the tens digit of (16/r)/((-1)/(-34))?
1
Let h(t) = 21*t**2 + 8*t - 19. Let v(d) = 10*d**2 + 4*d - 9. Let s = 45 - 32. Let j(f) = s*v(f) - 6*h(f). What is the units digit of j(2)?
1
Suppose -2*l + 590 = -4*o + 244, -o + l = 87. Let k = 327 + o. What is the units digit of k?
1
Let n(v) = 17*v**2 - 3*v**2 + v**3 + 6*v - 5*v**2 - 13. What is the units digit of n(-8)?
3
Suppose -6*d = -10*d - 552. Let n be d/4*(-52)/39. Let l = 95 - n. What is the units digit of l?
9
Suppose -3 = 3*z - 0. Suppose 5*i + j = 7, -4*j + 0 = -5*i - 3. What is the units digit of (-2 + z + i)/(-2)?
1
Suppose c = -2*k + 3*c + 164, -5*k = c - 392. Suppose 3*h - k - 131 = 0. What is the tens digit of h?
7
Let m be 2 + -6 + 4 + 16. What is the tens digit of (140/(-8))/(-5)*m?
5
Let z = 788 + -132. Suppose -z = -2*b - 3*b - m, 0 = 5*m + 20. What is the tens digit of (b/110)/(3/160)?
6
Let k(n) = n**3 - 4*n**2 - 3*n + 6. Let y(l) = 2*l**2 + l + 1. Let d be y(-1). Let q be 2 + (-3)/(-3) + d. What is the tens digit of k(q)?
1
Suppose -24*s = -28*s + 1536. What is the hundreds digit of s?
3
Suppose 4*d = 5*q - 1703, 3*d = 3*q - 553 - 467. What is the units digit of q?
3
Let f(b) = -b**2 - 12*b - 21. Let o be f(-9). Let w = -8 + o. What is the units digit of (5 + 1)*w/(-4)?
3
Suppose -2*h - 12 = -16. Suppose 0 = -2*u - 2*u. What is the units digit of -4*(0 - (h - u))?
8
Let q(l) = 12*l**2 + 3*l + 3. Let j be q(-2). Suppose -3*k + d + d = 53, k + 23 = 2*d. Let p = k + j. What is the tens digit of p?
3
Let a(u) = -u**3 - 5*u**2 + 3*u + 1. What is the tens digit of a(-8)?
6
Suppose 0 = -k - 60 - 31. Let l = k - -189. What is the units digit of l?
8
Suppose 135 = -x - 4*r, 5*x - 4*r = 465 - 1164. Let v 